{"id":56,"date":"2014-03-16T13:35:34","date_gmt":"2014-03-16T11:35:34","guid":{"rendered":"http:\/\/www.fahrschulebehla.bplaced.net\/wordpress\/?page_id=56"},"modified":"2026-02-14T15:04:55","modified_gmt":"2026-02-14T14:04:55","slug":"sonderklassen","status":"publish","type":"page","link":"http:\/\/fahrschulebehla.bplaced.net\/wordpress\/fuehrerscheinklassen\/sonderklassen\/","title":{"rendered":"Traktor"},"content":{"rendered":"<h2><span style=\"color: #008000;\">\u00a0<\/span><strong><span style=\"color: #000000; font-family: Calibri; font-size: medium;\"><span style=\"color: #008000;\">L<\/span> \u00a0\u00a0\u00a0\u00a0\u00a0\u00a0\u00a0\u00a0\u00a0\u00a0\u00a0\u00a0 Kleine Traktoren<\/span><\/strong><\/h2>\n<p style=\"padding-left: 30px;\"><span style=\"color: #000000; font-family: Calibri; font-size: medium;\">\u00a0<\/span><\/p>\n<p style=\"padding-left: 30px;\"><span style=\"color: #000000; font-family: Calibri; font-size: medium;\">Zugmaschinen (Traktoren) in der Land- und Forstwirtschaft bis 32 km\/h bauartbedingte H\u00f6chstgeschwindigkeit, auch mit Anh\u00e4nger (dann H\u00f6chstgeschwindigkeit 25 km\/h);<\/span><\/p>\n<p style=\"padding-left: 30px;\"><span style=\"font-family: Calibri;\"><span style=\"font-size: medium;\"><span style=\"color: #000000;\">\u00a0Stapler (auch mit Anh\u00e4nger), selbstfahrende Arbeitsmaschinen und Flurf\u00f6rderfahrzeuge bis 25 km\/h bauartbedingte H\u00f6chstgeschwindigkeit. <\/span><\/span><\/span><\/p>\n<p style=\"padding-left: 30px;\"><span style=\"color: #000000; font-family: Calibri; font-size: medium;\">\u00a0<\/span><\/p>\n<p style=\"padding-left: 30px;\"><span style=\"color: #000000; font-family: Calibri; font-size: medium;\"><span style=\"text-decoration: underline;\"><strong>Mindestalter:<\/strong><\/span>\u00a0\u00a0\u00a0 16 Jahre <\/span><\/p>\n<p style=\"padding-left: 30px;\"><span style=\"color: #000000; font-family: Calibri; font-size: medium;\">\u00a0<\/span><\/p>\n<p style=\"padding-left: 30px;\"><span style=\"color: #000000; font-family: Calibri; font-size: medium;\">\u00a0<\/span><\/p>\n<h2><strong><span style=\"color: #000000; font-family: Calibri; font-size: medium;\"><span style=\"color: #008000;\">T<\/span> \u00a0\u00a0\u00a0\u00a0\u00a0\u00a0\u00a0\u00a0\u00a0\u00a0\u00a0 Traktoren<\/span><\/strong><\/h2>\n<p style=\"padding-left: 30px;\"><span style=\"color: #000000; font-family: Calibri; font-size: medium;\">\u00a0<\/span><\/p>\n<p style=\"padding-left: 30px;\"><span style=\"color: #000000; font-family: Calibri; font-size: medium;\">Land- oder forstwirtschaftliche Zugmaschinen mit Anh\u00e4nger (mehr als 32 km\/h, aber nicht mehr als 60 km\/h bauartbedingte H\u00f6chstgeschwindigkeit).<\/span><\/p>\n<p style=\"padding-left: 30px;\"><span style=\"font-family: Calibri;\"><span style=\"font-size: medium;\"><span style=\"color: #000000;\">\u00a0Selbstfahrende Arbeitsmaschinen bis 40 km\/h bauartbedingte H\u00f6chstgeschwindigkeit in der Land- oder Forstwirtschaft, auch mit Anh\u00e4nger. <\/span><\/span><\/span><\/p>\n<p style=\"padding-left: 30px;\"><span style=\"color: #000000; font-family: Calibri; font-size: medium;\">\u00a0<\/span><\/p>\n<p style=\"padding-left: 30px;\"><span style=\"color: #000000; font-family: Calibri; font-size: medium;\"><span style=\"text-decoration: underline;\"><strong>Eingeschlossene Klassen:<\/strong><\/span>\u00a0\u00a0\u00a0\u00a0 L<\/span><\/p>\n<p style=\"padding-left: 30px;\"><span style=\"color: #000000; font-family: Calibri; font-size: medium;\"><strong><span style=\"text-decoration: underline;\">Mindestalter:<\/span><\/strong>\u00a0\u00a0\u00a0\u00a0\u00a0\u00a0\u00a0\u00a0\u00a0\u00a0\u00a0\u00a0\u00a0\u00a0\u00a0\u00a0\u00a0\u00a0\u00a0\u00a0\u00a0\u00a0\u00a0\u00a0\u00a0 16 Jahre<\/span><\/p>\n<p style=\"padding-left: 30px;\"><span style=\"color: #000000; font-family: Calibri; font-size: medium;\">\u00a0\u00a0\u00a0\u00a0\u00a0\u00a0\u00a0\u00a0\u00a0\u00a0\u00a0\u00a0\u00a0\u00a0\u00a0\u00a0\u00a0\u00a0\u00a0\u00a0\u00a0\u00a0\u00a0\u00a0\u00a0\u00a0\u00a0\u00a0\u00a0\u00a0\u00a0\u00a0(Bis zur Vollendung des 18. Lebensjahres\u00a0nur\u00a0Zugmaschinen bis 40\u00a0km\/h)<\/span><\/p>\n","protected":false},"excerpt":{"rendered":"<p>\u00a0L \u00a0\u00a0\u00a0\u00a0\u00a0\u00a0\u00a0\u00a0\u00a0\u00a0\u00a0\u00a0 Kleine Traktoren \u00a0 Zugmaschinen (Traktoren) in der Land- und Forstwirtschaft bis 32 km\/h bauartbedingte H\u00f6chstgeschwindigkeit, auch mit Anh\u00e4nger (dann H\u00f6chstgeschwindigkeit 25 km\/h); \u00a0Stapler (auch mit Anh\u00e4nger), selbstfahrende Arbeitsmaschinen und Flurf\u00f6rderfahrzeuge bis 25 km\/h bauartbedingte H\u00f6chstgeschwindigkeit. \u00a0 Mindestalter:\u00a0\u00a0\u00a0 16 Jahre \u00a0 \u00a0 T \u00a0\u00a0\u00a0\u00a0\u00a0\u00a0\u00a0\u00a0\u00a0\u00a0\u00a0 Traktoren \u00a0 Land- oder forstwirtschaftliche Zugmaschinen mit Anh\u00e4nger (mehr als &hellip; <a href=\"http:\/\/fahrschulebehla.bplaced.net\/wordpress\/fuehrerscheinklassen\/sonderklassen\/\" class=\"more-link\">Continue reading<span class=\"screen-reader-text\"> &#8220;Traktor&#8221;<\/span><\/a><\/p>\n","protected":false},"author":1,"featured_media":0,"parent":31,"menu_order":4,"comment_status":"closed","ping_status":"closed","template":"","meta":{"footnotes":""},"class_list":["post-56","page","type-page","status-publish","hentry"],"_links":{"self":[{"href":"http:\/\/fahrschulebehla.bplaced.net\/wordpress\/wp-json\/wp\/v2\/pages\/56","targetHints":{"allow":["GET"]}}],"collection":[{"href":"http:\/\/fahrschulebehla.bplaced.net\/wordpress\/wp-json\/wp\/v2\/pages"}],"about":[{"href":"http:\/\/fahrschulebehla.bplaced.net\/wordpress\/wp-json\/wp\/v2\/types\/page"}],"author":[{"embeddable":true,"href":"http:\/\/fahrschulebehla.bplaced.net\/wordpress\/wp-json\/wp\/v2\/users\/1"}],"replies":[{"embeddable":true,"href":"http:\/\/fahrschulebehla.bplaced.net\/wordpress\/wp-json\/wp\/v2\/comments?post=56"}],"version-history":[{"count":11,"href":"http:\/\/fahrschulebehla.bplaced.net\/wordpress\/wp-json\/wp\/v2\/pages\/56\/revisions"}],"predecessor-version":[{"id":861,"href":"http:\/\/fahrschulebehla.bplaced.net\/wordpress\/wp-json\/wp\/v2\/pages\/56\/revisions\/861"}],"up":[{"embeddable":true,"href":"http:\/\/fahrschulebehla.bplaced.net\/wordpress\/wp-json\/wp\/v2\/pages\/31"}],"wp:attachment":[{"href":"http:\/\/fahrschulebehla.bplaced.net\/wordpress\/wp-json\/wp\/v2\/media?parent=56"}],"curies":[{"name":"wp","href":"https:\/\/api.w.org\/{rel}","templated":true}]}}

<h2><span style="color: #008000;"> </span><strong><span style="color: #000000; font-family: Calibri; font-size: medium;"><span style="color: #008000;">L</span>              Kleine Traktoren</span></strong></h2>
<p style="padding-left: 30px;"><span style="color: #000000; font-family: Calibri; font-size: medium;"> </span></p>
<p style="padding-left: 30px;"><span style="color: #000000; font-family: Calibri; font-size: medium;">Zugmaschinen (Traktoren) in der Land- und Forstwirtschaft bis 32 km/h bauartbedingte Höchstgeschwindigkeit, auch mit Anhänger (dann Höchstgeschwindigkeit 25 km/h);</span></p>
<p style="padding-left: 30px;"><span style="font-family: Calibri;"><span style="font-size: medium;"><span style="color: #000000;"> Stapler (auch mit Anhänger), selbstfahrende Arbeitsmaschinen und Flurförderfahrzeuge bis 25 km/h bauartbedingte Höchstgeschwindigkeit. </span></span></span></p>
<p style="padding-left: 30px;"><span style="color: #000000; font-family: Calibri; font-size: medium;"> </span></p>
<p style="padding-left: 30px;"><span style="color: #000000; font-family: Calibri; font-size: medium;"><span style="text-decoration: underline;"><strong>Mindestalter:</strong></span>    16 Jahre </span></p>
<p style="padding-left: 30px;"><span style="color: #000000; font-family: Calibri; font-size: medium;"> </span></p>
<p style="padding-left: 30px;"><span style="color: #000000; font-family: Calibri; font-size: medium;"> </span></p>
<h2><strong><span style="color: #000000; font-family: Calibri; font-size: medium;"><span style="color: #008000;">T</span>             Traktoren</span></strong></h2>
<p style="padding-left: 30px;"><span style="color: #000000; font-family: Calibri; font-size: medium;"> </span></p>
<p style="padding-left: 30px;"><span style="color: #000000; font-family: Calibri; font-size: medium;">Land- oder forstwirtschaftliche Zugmaschinen mit Anhänger (mehr als 32 km/h, aber nicht mehr als 60 km/h bauartbedingte Höchstgeschwindigkeit).</span></p>
<p style="padding-left: 30px;"><span style="font-family: Calibri;"><span style="font-size: medium;"><span style="color: #000000;"> Selbstfahrende Arbeitsmaschinen bis 40 km/h bauartbedingte Höchstgeschwindigkeit in der Land- oder Forstwirtschaft, auch mit Anhänger. </span></span></span></p>
<p style="padding-left: 30px;"><span style="color: #000000; font-family: Calibri; font-size: medium;"> </span></p>
<p style="padding-left: 30px;"><span style="color: #000000; font-family: Calibri; font-size: medium;"><span style="text-decoration: underline;"><strong>Eingeschlossene Klassen:</strong></span>     L</span></p>
<p style="padding-left: 30px;"><span style="color: #000000; font-family: Calibri; font-size: medium;"><strong><span style="text-decoration: underline;">Mindestalter:</span></strong>                          16 Jahre</span></p>
<p style="padding-left: 30px;"><span style="color: #000000; font-family: Calibri; font-size: medium;">                                (Bis zur Vollendung des 18. Lebensjahres nur Zugmaschinen bis 40 km/h)</span></p>

<p> L              Kleine Traktoren   Zugmaschinen (Traktoren) in der Land- und Forstwirtschaft bis 32 km/h bauartbedingte Höchstgeschwindigkeit, auch mit Anhänger (dann Höchstgeschwindigkeit 25 km/h);  Stapler (auch mit Anhänger), selbstfahrende Arbeitsmaschinen und Flurförderfahrzeuge bis 25 km/h bauartbedingte Höchstgeschwindigkeit.   Mindestalter:    16 Jahre     T             Traktoren   Land- oder forstwirtschaftliche Zugmaschinen mit Anhänger (mehr als &hellip; <a href="http://fahrschulebehla.bplaced.net/wordpress/fuehrerscheinklassen/sonderklassen/" class="more-link">Continue reading<span class="screen-reader-text"> &#8220;Traktor&#8221;</span></a></p>
