{"id":24,"date":"2014-03-14T22:21:41","date_gmt":"2014-03-14T20:21:41","guid":{"rendered":"http:\/\/www.fahrschulebehla.bplaced.net\/wordpress\/?page_id=24"},"modified":"2026-02-14T15:01:40","modified_gmt":"2026-02-14T14:01:40","slug":"leistungsangebot","status":"publish","type":"page","link":"http:\/\/fahrschulebehla.bplaced.net\/wordpress\/leistungsangebot\/","title":{"rendered":"Leistungsangebot"},"content":{"rendered":"<ul>\n<li>\n<h3><span style=\"color: #000000;\">Ausbildung in allen F\u00fchrerscheinklassen<\/span><\/h3>\n<\/li>\n<li>\n<h3><span style=\"color: #000000;\">Ausbildung auf Automatik-Fahrzeug<\/span><\/h3>\n<\/li>\n<li>\n<h3><span style=\"color: #000000;\">Erste Hilfe Kurse<\/span><\/h3>\n<\/li>\n<li>\n<h3><span style=\"color: #000000;\">Verkehrsteilnehmerschulungen<\/span><\/h3>\n<\/li>\n<li>\n<h3><span style=\"color: #000000;\">Kurse f\u00fcr Wiedereinsteiger<\/span><\/h3>\n<\/li>\n<li>\n<h3><span style=\"color: #000000;\">Fahr-Sicherheit-Training f\u00fcr alle Fahrzeugklassen<\/span><\/h3>\n<\/li>\n<\/ul>\n","protected":false},"excerpt":{"rendered":"<p>Ausbildung in allen F\u00fchrerscheinklassen Ausbildung auf Automatik-Fahrzeug Erste Hilfe Kurse Verkehrsteilnehmerschulungen Kurse f\u00fcr Wiedereinsteiger Fahr-Sicherheit-Training f\u00fcr alle Fahrzeugklassen<\/p>\n","protected":false},"author":1,"featured_media":0,"parent":0,"menu_order":4,"comment_status":"closed","ping_status":"closed","template":"","meta":{"footnotes":""},"class_list":["post-24","page","type-page","status-publish","hentry"],"_links":{"self":[{"href":"http:\/\/fahrschulebehla.bplaced.net\/wordpress\/wp-json\/wp\/v2\/pages\/24","targetHints":{"allow":["GET"]}}],"collection":[{"href":"http:\/\/fahrschulebehla.bplaced.net\/wordpress\/wp-json\/wp\/v2\/pages"}],"about":[{"href":"http:\/\/fahrschulebehla.bplaced.net\/wordpress\/wp-json\/wp\/v2\/types\/page"}],"author":[{"embeddable":true,"href":"http:\/\/fahrschulebehla.bplaced.net\/wordpress\/wp-json\/wp\/v2\/users\/1"}],"replies":[{"embeddable":true,"href":"http:\/\/fahrschulebehla.bplaced.net\/wordpress\/wp-json\/wp\/v2\/comments?post=24"}],"version-history":[{"count":18,"href":"http:\/\/fahrschulebehla.bplaced.net\/wordpress\/wp-json\/wp\/v2\/pages\/24\/revisions"}],"predecessor-version":[{"id":856,"href":"http:\/\/fahrschulebehla.bplaced.net\/wordpress\/wp-json\/wp\/v2\/pages\/24\/revisions\/856"}],"wp:attachment":[{"href":"http:\/\/fahrschulebehla.bplaced.net\/wordpress\/wp-json\/wp\/v2\/media?parent=24"}],"curies":[{"name":"wp","href":"https:\/\/api.w.org\/{rel}","templated":true}]}}